s the highest common factor of 196 and 2156?
196
What is the highest common divisor of 172 and 215?
43
Calculate the highest common factor of 18 and 33.
3
Calculate the highest common factor of 19 and 5757.
19
What is the greatest common factor of 58 and 2726?
58
Calculate the highest common divisor of 216 and 48.
24
What is the greatest common factor of 1200 and 2010?
30
Calculate the greatest common factor of 210 and 651.
21
Calculate the greatest common divisor of 56 and 322.
14
What is the greatest common factor of 790 and 30?
10
What is the highest common factor of 242 and 88?
22
Calculate the highest common divisor of 13 and 4212.
13
Calculate the greatest common factor of 12204 and 6.
6
Calculate the highest common factor of 163 and 4.
1
What is the greatest common divisor of 336 and 96?
48
Calculate the greatest common divisor of 151 and 25519.
151
What is the highest common divisor of 4430 and 10?
10
What is the greatest common factor of 648 and 200?
8
What is the highest common divisor of 390 and 120?
30
What is the highest common divisor of 8 and 98?
2
What is the highest common factor of 90 and 10?
10
What is the greatest common divisor of 435 and 1653?
87
What is the greatest common factor of 51 and 6?
3
Calculate the highest common divisor of 72 and 4.
4
Calculate the highest common divisor of 3200 and 475.
25
Calculate the greatest common factor of 208 and 1768.
104
Calculate the highest common divisor of 217 and 7.
7
Calculate the highest common divisor of 135 and 7155.
135
What is the greatest common factor of 36757 and 826?
413
What is the highest common factor of 9 and 20?
1
Calculate the greatest common factor of 47518 and 46.
46
Calculate the greatest common factor of 96 and 22288.
16
Calculate the highest common divisor of 136 and 153.
17
What is the greatest common divisor of 9 and 1539?
9
Calculate the greatest common factor of 64 and 1584.
16
Calculate the highest common divisor of 5 and 33295.
5
What is the greatest common factor of 2583 and 10906?
287
Calculate the greatest common factor of 161 and 115.
23
What is the highest common divisor of 170 and 595?
85
Calculate the highest common divisor of 45 and 795.
15
What is the greatest common divisor of 14339 and 26?
13
What is the greatest common factor of 25 and 1?
1
What is the greatest common divisor of 36 and 288?
36
What is the greatest common divisor of 635 and 10?
5
What is the greatest common factor of 24681 and 38?
19
What is the highest common divisor of 31 and 2573?
31
Calculate the greatest common factor of 30 and 942.
6
Calculate the greatest common factor of 18 and 288.
18
Calculate the highest common divisor of 289 and 68.
17
Calculate the highest common factor of 20 and 2.
2
What is the greatest common factor of 18752 and 64?
64
Calculate the highest common divisor of 1517 and 74.
37
What is the greatest common factor of 64 and 40?
8
Calculate the greatest common divisor of 784 and 12432.
112
What is the greatest common factor of 26 and 117?
13
What is the greatest common factor of 3968 and 93?
31
Calculate the greatest common factor of 2050 and 50.
50
Calculate the highest common divisor of 9 and 10665.
9
Calculate the highest common divisor of 2407 and 29.
29
Calculate the greatest common divisor of 1757 and 14.
7
What is the greatest common factor of 115 and 943?
23
What is the highest common factor of 818 and 2?
2
What is the highest common factor of 990 and 1584?
198
Calculate the highest common factor of 1074 and 42.
6
Calculate the highest common factor of 96 and 1376.
32
Calculate the greatest common divisor of 60 and 1590.
30
Calculate the greatest common divisor of 30 and 1515.
15
Calculate the greatest common factor of 212 and 106.
106
What is the greatest common divisor of 15 and 95505?
15
Calculate the greatest common factor of 2041 and 1256.
157
Calculate the greatest common divisor of 30044 and 232.
116
What is the highest common divisor of 54 and 822?
6
Calculate the highest common divisor of 7003 and 149.
149
What is the greatest common factor of 3721 and 183?
61
What is the greatest common divisor of 12 and 180?
12
What is the highest common factor of 1582 and 182?
14
Calculate the highest common factor of 231 and 110.
11
What is the greatest common divisor of 405 and 4395?
15
What is the greatest common factor of 33 and 825?
33
What is the highest common divisor of 1550 and 124?
62
Calculate the greatest common factor of 22 and 154.
22
Calculate the greatest common factor of 833 and 196.
49
What is the greatest common factor of 58 and 2146?
58
Calculate the greatest common divisor of 36 and 2784.
12
What is the highest common divisor of 1919 and 303?
101
What is the highest common divisor of 8 and 5756?
4
What is the highest common factor of 8 and 97?
1
Calculate the greatest common factor of 1173 and 138.
69
What is the greatest common factor of 110 and 400?
10
Calculate the greatest common factor of 8 and 40.
8
Calculate the highest common divisor of 2151 and 18.
9
What is the greatest common divisor of 102 and 1020?
102
Calculate the highest common factor of 279 and 62.
31
Calculate the highest common divisor of 356 and 12994.
178
What is the highest common divisor of 175 and 2800?
175
Calculate the greatest common divisor of 116 and 261.
29
What is the greatest common factor of 11 and 1331?
11
What is the greatest common factor of 931 and 171?
19
Calculate the greatest common factor of 1235 and 3952.
247
Calculate the greatest common factor of 3736 and 8.
8
What is the highest common divisor of 4727 and 29?
29
Calculate the highest common factor of 376 and 4.
4
Calculate the highest common divisor of 1104 and 207.
69
Calculate the highest common factor of 1886 and 164.
82
Calculate the greatest common divisor of 160 and 100.
20
Calculate the highest common factor of 1474 and 134.
134
What is the highest common divisor of 165 and 528?
33
What is the highest common divisor of 3887 and 845?
169
Calculate the highest common factor of 350 and 98.
14
What is the greatest common factor of 1360 and 85?
85
Calculate the highest common factor of 60 and 270.
30
Calculate the greatest common factor of 568 and 3550.
142
What is the highest common factor of 858 and 390?
78
Calculate the greatest common divisor of 32 and 440.
8
Calculate the greatest common factor of 714 and 408.
102
Calculate the highest common divisor of 981 and 18.
9
What is the greatest common divisor of 20566 and 26?
26
Calculate the highest common divisor of 427 and 2013.
61
What is the greatest common divisor of 125 and 6125?
125
What is the greatest common factor of 77616 and 36?
36
What is the highest common factor of 1853 and 981?
109
Calculate the highest common divisor of 75 and 400.
25
What is the highest common factor of 156 and 390?
78
Calculate the greatest common divisor of 540 and 1530.
90
What is the highest common factor of 56 and 28?
28
What is the highest common factor of 425 and 225?
25
Calculate the highest common divisor of 3700 and 1332.
148
What is the highest common factor of 744 and 2?
2
What is the greatest common factor of 4 and 328?
4
What is the highest common factor of 56 and 5698?
14
What is the greatest common factor of 306 and 85?
17
What is the highest common divisor of 5 and 4835?
5
What is the highest common factor of 4368 and 42?
42
Calculate the greatest common divisor of 33 and 366.
3
Calculate the greatest common factor of 1738 and 682.
22
What is the greatest common factor of 160 and 416?
32
What is the highest common factor of 96 and 1952?
32
Calculate the highest common factor of 22033 and 22.
11
What is the highest common divisor of 882 and 11592?
126
What is the highest common factor of 2337 and 615?
123
Calculate the greatest common factor of 318 and 66.
6
What is the highest common divisor of 38 and 16454?
38
What is the highest common divisor of 14446 and 248?
62
What is the highest common factor of 7 and 13?
1
What is the greatest common divisor of 36544 and 64?
64
What is the highest common factor of 224 and 864?
32
Calculate the highest common factor of 75 and 2400.
75
What is the highest common factor of 36 and 228?
12
What is the greatest common divisor of 517 and 47?
47
Calculate the highest common divisor of 1459 a